t are the prime factors of w?
2, 197
Let a = -98 + 97. What are the prime factors of 17917/114 - a/(-6)?
157
Suppose 0 = -21*h + 16*h + 3*l + 24410, 4899 = h - 4*l. What are the prime factors of h?
7, 17, 41
Let q(o) = -o + 253. Let z(u) = 2*u - 380. Let v(x) = 8*q(x) + 5*z(x). What are the prime factors of v(-16)?
2, 23
Let s be 102/15 - 24/30. Suppose -h - h + s = 0. Suppose 3*m - 180 = -3*p, 3*p + 35 - 215 = h*m. List the prime factors of p.
2, 3, 5
Suppose -4*o - 5 - 27 = -4*k, -5*o + 5 = 4*k. Suppose -2*b - k*u = -74 - 571, 3*b = -2*u + 962. Suppose l - 5*l = -b. List the prime factors of l.
2, 5
Let f = 131 + -129. Suppose 3*t = -3*p + 375, -215 = -f*p + 2*t + 3*t. What are the prime factors of p?
2, 3, 5
Let k be (3 + 8276/(-20))*5. Let f = k + 3381. List the prime factors of f.
1327
Suppose -79*i = -73*i. Suppose -g + 6*g - 1090 = 0. Suppose -5*x + g + 22 = i. What are the prime factors of x?
2, 3
Suppose -10*h + 110 = -110. Suppose h*c - 24*c = 12. What are the prime factors of ((-1)/(-3) + -1)*c?
2
Let g(n) = -3*n + 42. Let b be g(7). Suppose b*t - 9997 = 2309. List the prime factors of t.
2, 293
Suppose 550*v - 556*v = -3546. Let h be 1/3 + (-70)/(-15). Suppose 2*r - v = 4*l - 1565, -l = h*r - 271. What are the prime factors of l?
2, 3, 41
Suppose 144288 = -6*w + 18*w. What are the prime factors of w?
2, 3, 167
List the prime factors of 140/(-25)*(-11)/(88/6640).
2, 7, 83
Let v(g) = -2*g**3 - 8*g**2 - 6*g - 6. Let x be v(-4). Suppose 2947 - 8383 = -x*a. What are the prime factors of a?
2, 151
Let q(p) = 6*p**2 + p. Let b be q(-1). Suppose b*d = -154 + 44. List the prime factors of ((-78)/(-6)*-1)/(2/d).
11, 13
Suppose -14*c + 120417 = 33659. What are the prime factors of c?
6197
Suppose 25*v - 12253 = 294122. What are the prime factors of v?
3, 5, 19, 43
Suppose -7049248 = -114*y - 684058. What are the prime factors of y?
5, 13, 859
List the prime factors of ((-12282)/623)/((-9)/9975).
2, 5, 19, 23
Let d = -155 + 152. Let r(h) = -32*h**3 - h**2 - 2*h + 4. What are the prime factors of r(d)?
5, 173
Suppose 3*c - 6*c - 651 = 0. Let r = c - -574. What are the prime factors of r?
3, 7, 17
Let m(k) = -2*k**2 + 25*k + 908. What are the prime factors of m(0)?
2, 227
Let u(y) = -9*y - 31. Let i = 71 - 78. Let w be u(i). Suppose -24 = -x + w. What are the prime factors of x?
2, 7
Let r(i) = 2*i**2 - 23*i - 71. Let b be r(19). Let o = 169 + b. What are the prime factors of o?
383
Let u = 8420 - 4163. List the prime factors of u.
3, 11, 43
Suppose 20*h - 273974 = 4*h + 172218. What are the prime factors of h?
79, 353
Let q(y) = y**2 + 18*y + 73. Let l be q(25). Suppose -2*k = -5*c - 622, l = 5*k - 3*c - 426. What are the prime factors of k?
2, 79
Let t = 52 - 35. Let o be ((-147)/9)/(-1 - t/(-18)). Let y = -128 + o. List the prime factors of y.
2, 83
Suppose 2 = 6*t - 40. Let c(x) = x**2 + 3*x + 2. Let d be c(t). Suppose -24*f + 25*f = d. What are the prime factors of f?
2, 3
Suppose 0 = 44*a - 36*a - 40168. Let h = a + -2955. What are the prime factors of h?
2, 1033
Let v(h) = 7*h**2 + 18*h - 7. Let p be v(-3). List the prime factors of 136/12*((-12)/p + 18).
2, 17
Let m = -57 + 74. Suppose -m*n = -15*n - 274. Suppose -4*g = -2*b - 508, -g - n = -2*g - 2*b. What are the prime factors of g?
3, 43
Let n(y) = y**3 + 8*y**2 - 11*y + 6. Suppose -4*r = 4*u - 8, -6*u + 2*r + 38 = -u. What are the prime factors of n(u)?
2, 3, 37
Let m(g) = 860*g + 8. Let k be m(-3). Let q be k/6*(-1 + (-1)/2). Suppose -74 - 53 = -o + w, -3*w = -5*o + q. What are the prime factors of o?
131
Let a(x) = -x**3 + 5*x**2 + 13*x + 7. Let k = 101 - 94. Let r be a(k). Suppose 0 = 3*w - s - 212 - 103, r = -4*w - 2*s + 430. What are the prime factors of w?
2, 53
Suppose 69*n - 40797 + 2778 = 0. List the prime factors of n.
19, 29
Let v = 71 + -68. Suppose -d - 26 = 3*z - 0*d, -6 = v*d. List the prime factors of (2484/8)/3 - (-12)/z.
2, 3, 17
Suppose 3*a + 4*o + 28 = -0*o, -2*a + 2*o = 0. Let g(q) = 20*q**2 - 20*q - 101. List the prime factors of g(a).
13, 23
Let v(w) = w**2 + 9*w - 17. Let f be v(-11). Suppose -2*c = f*l - 630, -5*l - 5*c = -606 - 24. List the prime factors of l.
2, 3, 7
Let k(w) = 23*w**3 + 7*w**2 + 206*w - 131. What are the prime factors of k(13)?
3, 6029
Let w(o) = 22 + 3*o**2 + 9*o**2 - 2*o - 2*o**2. What are the prime factors of w(-7)?
2, 263
Let j = -96 + 100. List the prime factors of 3*85 - (j + -4).
3, 5, 17
Let q(b) = -b**3 - 12*b**2 - 12*b - 14. Let y(c) = c**3 - 8*c**2 - 10*c + 9. Let u be y(5). Let l = 104 + u. What are the prime factors of q(l)?
2, 5, 13
Suppose -3*b - 6 + 25 = g, 2*b = g + 6. Suppose 3 = b*i + 3. Let h(o) = -4*o + 69. List the prime factors of h(i).
3, 23
Let n(b) = -2*b**2 - 2*b - 13 + 254 + 46 + b**2. What are the prime factors of n(0)?
7, 41
Suppose 196*a = 216*a - 179120. What are the prime factors of a?
2, 2239
Let d(t) = -5*t**3 - t - 676. Let g be d(0). What are the prime factors of ((-152)/32)/(g/224 - -3)?
2, 7, 19
Let p = -25 - -73. Suppose -6*k + 24 = -p. Suppose -3*g - 104 = -4*v + 33, -k = 4*g. List the prime factors of v.
2
Suppose b - 4*s - 75 = 0, -2*b = b - 4*s - 193. Let a(c) = c**3 - 8*c**2 + 8*c + 7. Let q be a(7). Let v = b - q. List the prime factors of v.
3, 5
Let p be ((-363)/484)/(6/(-8) + 1). Let m(h) = 15*h**2 + 11*h + 33. List the prime factors of m(p).
3, 5
Let g be 310*-6*1/4. Let y = g - -778. List the prime factors of y.
313
Suppose 3*i + 9 = 2*n, 4*n - 11*i = -6*i + 15. Suppose -1990 = -5*l - n*l. What are the prime factors of l?
2, 199
Suppose 5*a = 0, 2*a - 19204 = 11*r - 12*r + 24519. List the prime factors of r.
23, 1901
Let x(a) = 1377*a + 204. List the prime factors of x(2).
2, 3, 17, 29
Suppose 7*j + 4*q + 5 = 2*j, 3*q = -3*j. Let b = 207 - j. List the prime factors of b.
2, 53
Let f = 35605 + 26013. List the prime factors of f.
2, 30809
List the prime factors of (-83)/((-1494)/(-756))*-1452.
2, 3, 7, 11
What are the prime factors of 26130/7 + 1/2*(-90)/(-315)?
3733
Let v = 8034 + -4214. Let n = -2307 + v. List the prime factors of n.
17, 89
Let w(f) = f**3 + 9*f**2 + 2*f + 5. Let p be w(-9). Let g(k) = 2*k**2 - 11*k + 31. What are the prime factors of g(p)?
2
Let q(r) = -4*r**2 + 4*r - 14. Let s be q(5). List the prime factors of s*35/(-10) - -5.
2, 167
List the prime factors of ((-17015)/(-45) + 1)*(-54)/(-12).
2, 853
Let c = 491 - -5. What are the prime factors of -12 - c/(-40) - (-7816)/10?
2, 17, 23
Let q(m) = -4*m - 17. Let i be q(-5). Suppose i*d - 2085 = -3*y, 2*y = -0*d + 4*d + 1378. List the prime factors of y.
3, 7, 11
Let n = -98 - -102. Suppose -p = -4*f + 3418, -n*f + 3920 - 494 = -5*p. List the prime factors of f.
2, 7, 61
Let u(n) = 35*n**2 - 13*n - 938. What are the prime factors of u(27)?
2, 12113
Suppose -g = 5*v + 80, 2*v + 32 = 3*g - 0*g. Let i be (2/2)/((-3)/(-267)). Let u = i + v. What are the prime factors of u?
73
Let q be (10/4)/((4/8)/1). Suppose -t - t = -m + 84, q*m + t = 398. Suppose -2*r = 2*r - m. List the prime factors of r.
2, 5
Suppose 74712 = 4*g + 5*h - 6*h, -3*h - 37346 = -2*g. What are the prime factors of g?
18679
Let i(m) = m**3 + 3*m**2 - 9*m + 9. Let s be i(-5). Suppose z = -s*z + 15. Suppose -120 = -3*j + 5*d, z*d - 8 = -j + 18. List the prime factors of j.
5, 7
Let c(v) = v**3 + 13*v**2 + 13*v + 10. Let f be c(-10). Let p be (-8)/6 - 111*(-3)/27. Suppose p*i - 6*i - f = 0. What are the prime factors of i?
2, 3
Suppose -34 + 29 = x. List the prime factors of 5712/6 - (x + 3).
2, 3, 53
Let x(h) = h**3 - 4*h**2 + 6*h - 22. Let z be x(4). Suppose -543 = z*f - 5*f + 5*m, -5*f + 905 = -m. List the prime factors of f.
181
Let c = 15158 - 294. List the prime factors of c.
2, 929
Let y(n) be the first derivative of -23*n**2/2 - 6*n - 57. What are the prime factors of y(-5)?
109
Suppose 0 = 4*j + 161 + 63. What are the prime factors of (-96)/((273/j)/13)?
2
Suppose 0 = -2*o - o - 4*r + 12, 0 = 5*r. Let z(k) = 9*k**2 - 2*k**3 + 4*k**3 + 5 - o*k - 13*k**2. What are the prime factors of z(4)?
53
Let n(c) = -223*c + 110 + 71 + 26 - 10 + 51*c. List the prime factors of n(-3).
23, 31
Suppose -30*c + 132667 + 40420 = -76303. List the prime factors of c.
3, 17, 163
Let s = -36 - 35. Let j(a) = a**3 - 3*a**2 + 4*a + 9. Let g be j(6). Let h = s + g. List the pr